- 1055?
-1036
In base 4, what is -1200 - 2?
-1202
In base 7, what is 4 - -114?
121
In base 5, what is -30022 - 4?
-30031
In base 11, what is 202 - -2?
204
In base 14, what is 3d5 - 0?
3d5
In base 16, what is 3 - -48?
4b
In base 12, what is -2 + 664?
662
In base 6, what is -53 + 5222?
5125
In base 8, what is 10 - 10?
0
In base 9, what is -11 + 45?
34
In base 13, what is -5 + 9?
4
In base 12, what is 76b - 4?
767
In base 7, what is -34 + 140?
103
In base 10, what is -23 + -217?
-240
In base 2, what is -10110 - -11101101?
11010111
In base 16, what is 4 - 24e?
-24a
In base 16, what is -128 - 2?
-12a
In base 14, what is 2 + -1a8?
-1a6
In base 10, what is 5 - 134?
-129
In base 8, what is 330 - -5?
335
In base 6, what is -4 - -144?
140
In base 9, what is 1 - 2760?
-2758
In base 11, what is 45 + 10?
55
In base 5, what is 10 - -141112?
141122
In base 15, what is 4 - 242?
-23d
In base 15, what is 1e - 2?
1c
In base 8, what is -4 - 1446?
-1452
In base 8, what is -2 + -102?
-104
In base 16, what is 8 - 1c?
-14
In base 15, what is 1 - a?
-9
In base 14, what is 0 + 37?
37
In base 9, what is 2531 + -2?
2528
In base 15, what is 7c + -1?
7b
In base 10, what is -1 - 11?
-12
In base 7, what is 2 - -1135?
1140
In base 15, what is -bc + -4?
-c1
In base 5, what is 1002 + 2?
1004
In base 15, what is -d1 - -3?
-cd
In base 7, what is 512 - -10?
522
In base 12, what is ba + -4?
b6
In base 15, what is -1 - -d?
c
In base 7, what is 154 - 1?
153
In base 10, what is 5 + -334?
-329
In base 14, what is -171 - 4?
-175
In base 10, what is -10 + 1175?
1165
In base 12, what is -74 + -4?
-78
In base 16, what is 120 - -27?
147
In base 9, what is 12 - 243?
-231
In base 14, what is -22c - 4?
-232
In base 9, what is 24 - -30?
54
In base 5, what is -13 - 241?
-304
In base 8, what is 2 - -42?
44
In base 7, what is -203 + 1?
-202
In base 7, what is -52 - -45?
-4
In base 3, what is 11 + -10000221?
-10000210
In base 4, what is -110 - -103?
-1
In base 2, what is 11 - 11000100?
-11000001
In base 5, what is 31403 + -10?
31343
In base 4, what is -201 - -10011?
3210
In base 2, what is -1001011 - -11011?
-110000
In base 13, what is -48 + -11?
-59
In base 4, what is -11 + 303?
232
In base 4, what is 10 - -1012?
1022
In base 4, what is 11100 - -10?
11110
In base 4, what is 3032 + 22?
3120
In base 3, what is 110 - 201021?
-200211
In base 4, what is -10 + -113111?
-113121
In base 10, what is 4 + -1194?
-1190
In base 16, what is -2b0 - -2?
-2ae
In base 14, what is -2 - -d7b?
d79
In base 6, what is 1 + 11?
12
In base 5, what is 203 + 20?
223
In base 6, what is 3 - 4?
-1
In base 7, what is -246 + -3?
-252
In base 11, what is 21 - 3?
19
In base 4, what is -10 - 20133?
-20203
In base 14, what is 42 - 6?
3a
In base 8, what is -1 + 2065?
2064
In base 5, what is -1131 - -1?
-1130
In base 7, what is 6 - -52?
61
In base 5, what is -1 + 1134?
1133
In base 10, what is 3 + -625?
-622
In base 8, what is -2 - 2100?
-2102
In base 10, what is 153 - -1?
154
In base 12, what is 207 + -4?
203
In base 15, what is bb - -10?
cb
In base 2, what is 11 + 11100001?
11100100
In base 14, what is -83b + 1?
-83a
In base 6, what is 11041 - 4?
11033
In base 11, what is -34 - 43?
-77
In base 15, what is a3 - 2?
a1
In base 7, what is 2242 - 0?
2242
In base 12, what is -1733 - -3?
-1730
In base 2, what is -110010 + 11111011?
11001001
In base 11, what is 3a - -490?
51a
In base 7, what is -1 + 2523?
2522
In base 10, what is 16 + -1?
15
In base 8, what is -1130 - -1?
-1127
In base 11, what is -4 + -585?
-589
In base 6, what is -121 + 2?
-115
In base 9, what is -105 - 45?
-151
In base 16, what is 6 - -5?
b
In base 9, what is -10 - -161?
151
In base 9, what is 81 - 12?
68
In base 10, what is -8 - -1140?
1132
In base 13, what is -ab - 7?
-b5
In base 9, what is 5 - 3325?
-3320
In base 3, what is 111 + 1222?
2110
In base 2, what is 10100100100 - -100?
10100101000
In base 3, what is 111 - 2112?
-2001
In base 3, what is 10 - 21122?
-21112
In base 9, what is -4286 - 0?
-4286
In base 10, what is -81 + -40?
-121
In base 5, what is 14 - -401?
420
In base 8, what is 30 + 5?
35
In base 10, what is -103 + 25?
-78
In base 2, what is -1010 - 10100?
-11110
In base 8, what is 12 + 64?
76
In base 11, what is 0 - -37?
37
In base 7, what is -2133 - -2?
-2131
In base 3, what is 1 + -1010102?
-1010101
In base 13, what is c + -96?
-87
In base 16, what is 3 + 106?
109
In base 11, what is 2000 - 3?
1aa8
In base 13, what is 5 - 18?
-13
In base 7, what is 3 - -2136?
2142
In base 13, what is -4 - -ba?
b6
In base 5, what is 214 + -4?
210
In base 14, what is 1 + 2c8?
2c9
In base 13, what is 86 + -4?
82
In base 11, what is -2a + 158?
129
In base 6, what is -351 + -32?
-423
In base 13, what is -3c + 0?
-3c
In base 10, what is -2 - 54?
-56
In base 11, what is -1 - -77?
76
In base 11, what is 62 + -1?
61
In base 16, what is 3 + -29b?
-298
In base 16, what is -5 - 0?
-5
In base 9, what is -2 + -1837?
-1840
In base 3, what is -10 + 1010?
1000
In base 5, what is 13433 + -24?
13404
In base 3, what is -1002 + 0?
-1002
In base 8, what is 4 + -322?
-316
In base 9, what is 2037 + 2?
2040
In base 12, what is -8 + -401?
-409
In base 2, what is 0 - 1001000000000?
-1001000000000
In base 12, what is -8a1 - 11?
-8b2
In base 5, what is -11 - -2?
-4
In base 2, what is 100 - 10111?
-10011
In base 11, what is -5 - 1?
-6
In base 7, what is 151 - 4?
144
In base 15, what is -3 - -2a4?
2a1
In base 8, what is -5 - 17332?
-17337
In base 9, what is 54 - -4?
58
In base 6, what is -2 - -30?
24
In base 14, what is -db - 2?
-dd
In base 15, what is 625 - 0?
625
In base 9, what is 10 + -58?
-48
In base 14, what is 5 + -2dba?
-2db5
In base 15, what is -5 + -12?
-17
In base 12, what is 5 + 261?
266
In base 9, what is -3 - -887?
884
In base 2, what is 0 - 100110111?
-100110111
In base 13, what is 360 + 23?
383
In base 15, what is 3c4 - -5?
3c9
In base 12, what is -27 - -2?
-25
In base 11, what is -13 + 28a?
277
In base 11, what is 745 - 18?
728
In base 12, what is -12 - -32?
20
In base 9, what is -12 - -30?
17
In base 3, what is -10 + -1002?
-1012
In base 2, what is -1110 + 1011000?
1001010
In base 13, what is 14 - 8?
9
In base 7, what is 265 - -10?
305
In base 7, what is -2 + -221?
-223
In base 8, what is -61 + 27?
-32
In base 5, what is -301 + 3?
-243
In base 4, what is 23 + 2133?
2222
In base 4, what is 1 + 21322?
21323
In base 6, what is 545 - 5?
540
In base 4, what is -3030 - -10?
-3020
In base 3, what is -1 + -1000101?
-1000102
In base 10, what is -4 - 2497?
-2501
In base 16, what is -13 - -2?
-11
In base 14, what is 266 - -1a?
282
In base 7, what is -64005 + 5?
-64000
In base 10, what is -1686 + -3?
-1689
In base 3, what is 1202 + -101?
1101
In base 9, what is -15006 + -2?
-15008
In base 4, what is -23022 + -2?
-23030
In base 6, what is -14 - -25?
11
In base 2, what is -10100100101001 - -10?
-10100100100111
In base 12, what is -161 + 1?
-160
In base 2, what is 101000 + -1001?
11111
In base 4, what is 22 + 3202?
3230
In base 15, what is b + 2?
d
In base 6, what is -15450 + 3?
-15443
In base 13, what is -a3 + 5?
-9b
In base 3, what is -11 - -112200?
112112
In base 15, what is 0 - abc?
-abc
In base 14, what is 2 + -55a?
-558
In base 15, what is -2 - -2d?
2b
In base 12, what is 259 - -2?
25b
In base 13, what is -87 + -2?
-89
In base 12, what is 78 + 3?
7b
In base 9, what is -1 - -15?
14
In base 8, what is 13 + -16?
-3
In base 4, what is -11 - -232?
221
In base 5, what is 102 + -20?
32
In base 7, what is 5 + 50?
55
In base 2, what is 101010 + -110110101?
-110001011
In base 11, what is -a + -5?
-14
In base 3, what is -1122 + 11?
-1111
In base 8, what is -4 - 3114?
-3120
In base 7, what is 24 + 10?
34
In base 10, what is 3 - -236?
239
In base 11, what is 2 - -263?
265
In base 4, what is 1 + 1021?
1022
In base 9, what is -1164 - 2?
-1166
In base 10, what is -6 + 1965?
1959
In base 15, what is 2b8 + -b?
2ac
In base 9, what is -22 - -30?
7
In base 12, what is -356 - -2?
-354
In base 2, what is 101 + 100010?
100111
In base 13, what is -158 - 0?
-158
In base 9, what is -38 - 6?
-45
In base 12, what is 4 - -15?
19
In base 7, what is 662 + 5?
1000
In base 3, what is 210 + 1211?
2121
In base 12, what is -103 + 0?
-103
In base 16, what is -7 - -8f?
88
In base 15, what is 24 + -1?
23
In base 14, what is 1c1 -